{"id":46,"date":"2021-05-12T07:24:10","date_gmt":"2021-05-12T05:24:10","guid":{"rendered":"http:\/\/wegetarianizm.vegie.pl\/?page_id=46"},"modified":"2021-06-24T15:47:29","modified_gmt":"2021-06-24T13:47:29","slug":"witryny-o-zdrowiu","status":"publish","type":"page","link":"https:\/\/wegetarianizm.vegie.pl\/index.php\/witryny-o-zdrowiu.html","title":{"rendered":"Witryny o zdrowiu"},"content":{"rendered":"\n<p>Stworzy\u0142em wiele stron internetowych, po\u015bwi\u0119conych przer\u00f3\u017cnym zagadnieniom zdrowotnym. Zazwyczaj dotycz\u0105 one podej\u015bcia, kt\u00f3re mo\u017cna nazwa\u0107 medycyn\u0105 naturaln\u0105 czy alternatywn\u0105, ale zawsze stara\u0142em si\u0119 trzyma\u0107 stron\u0119 nauki i opiera\u0107 na solidnych badaniach. Poni\u017cej przedstawiam list\u0119:<\/p>\n\n\n\n<p><a href=\"http:\/\/naturalneleczenie.com.pl\/\">http:\/\/naturalneleczenie.com.pl\/<\/a><\/p>\n\n\n\n<p>Blog, gdzie regularnie pojawiaj\u0105 si\u0119 artyku\u0142y na tematy oko\u0142omedyczne.<\/p>\n\n\n\n<p><a href=\"http:\/\/borelioza.vegie.pl\/\">http:\/\/borelioza.vegie.pl<\/a><\/p>\n\n\n\n<p>Zazwyczaj tworz\u0119 witryny po\u015bwi\u0119cone alternatywnemu podej\u015bciu do schorze\u0144, ta jednak jest wyj\u0105tkiem. Zawiera wy\u0142\u0105cznie wiedz\u0119 uznan\u0105 przez wsp\u00f3\u0142czesn\u0105 nauk\u0119, zawarto\u015b\u0107 stronki jest ca\u0142kowicie zgodna z tym, co mo\u017cna przeczyta\u0107 chocia\u017cby na angloj\u0119zycznej wikipedii. Powsta\u0142a, gdy\u017c w Polsce do\u015b\u0107 du\u017c\u0105 popularno\u015b\u0107 zdobywa grupa \u201especjalist\u00f3w\u201d, kt\u00f3rzy wbrew oficjalnemu stanowisku medycyny uwa\u017caj\u0105, \u017ce borelioza jest niezwykle ci\u0119\u017ck\u0105 chorob\u0105 i trzeba j\u0105 leczy\u0107 bardzo d\u0142ugo, do momentu, gdy pacjentowi sko\u0144cz\u0105 si\u0119 pieni\u0105dze na wizyty w ich prywatnych gabinetach.<\/p>\n\n\n\n<p><a href=\"http:\/\/nerwica.vegie.pl\/\">http:\/\/nerwica.vegie.pl<\/a><\/p>\n\n\n\n<p>Sam swego czasu by\u0142em ofiar\u0105 nerwicy l\u0119kowej, zreszt\u0105 to sk\u0142oni\u0142o mnie do zainteresowania si\u0119 medycyn\u0105. Dowiedzia\u0142em si\u0119, \u017ce oficjalna medycyna bardzo cz\u0119sto pr\u00f3buje jedynie za\u0142agodzi\u0107 objawy choroby, rozci\u0105gaj\u0105c terapi\u0119 w niesko\u0144czono\u015b\u0107, zamiast uderzy\u0107 w przyczyn\u0119 i wyleczy\u0107 pacjenta od razu. Nerwica l\u0119kowa bardzo cz\u0119sto ma jasne i wyra\u017ane przyczyny, takie jak niedobory niekt\u00f3rych witamin czy mikroelement\u00f3w. Dzi\u0119ki opisanym tam metodom ju\u017c setki os\u00f3b pozby\u0142y si\u0119 zaburze\u0144 l\u0119kowych, ich historie mo\u017cna przeczyta\u0107 na forum.<\/p>\n\n\n\n<p><a href=\"http:\/\/mity.naturalneleczenie.com.pl\/\">http:\/\/mity.naturalneleczenie.com.pl<\/a><\/p>\n\n\n\n<p>Znakomita wi\u0119kszo\u015b\u0107 \u201emedycyny alternatywnej\u201d, z kt\u00f3r\u0105 mamy do czynienia przegl\u0105daj\u0105c internet, to w najlepszym wypadku g\u0142upota, a zazwyczaj cyniczne oszustwo. Stronka o mitach i szarlatanach powsta\u0142a po to, \u017ceby przestrzec czytelnik\u00f3w przed przynajmniej najgro\u017aniejszymi z nich.<\/p>\n\n\n\n<p><a href=\"http:\/\/stwardnienie.naturalneleczenie.com.pl\/\">http:\/\/stwardnienie.naturalneleczenie.com.pl<\/a><\/p>\n\n\n\n<p>Na forum jest ju\u017c kilka historii os\u00f3b chorych na stwardnienie rozsiane, kt\u00f3rym po opisanej na witrynie terapii, w badaniach MRI znik\u0142y zmiany chorobowe. Terapia ma skuteczno\u015b\u0107 potwierdzon\u0105 badaniami z podw\u00f3jn\u0105 \u015blep\u0105 pr\u00f3b\u0105. Tak, s\u0105 takie badania nad metodami alternatywnymi!<\/p>\n\n\n\n<p><a href=\"http:\/\/zdrowie.vegie.pl\/\">http:\/\/zdrowie.vegie.pl<\/a><\/p>\n\n\n\n<p>D\u0142ugowieczno\u015b\u0107 i dobre zdrowie \u2013 gar\u015b\u0107 og\u00f3lnych porad, niekt\u00f3re znane, inne do\u015b\u0107 egzotyczne.<\/p>\n\n\n\n<p><a href=\"http:\/\/uzaleznienia.naturalneleczenie.com.pl\/\">http:\/\/uzaleznienia.naturalneleczenie.com.pl\/<\/a><\/p>\n\n\n\n<p>Metody wspomagania terapii uzale\u017cnienia alkoholowego, co w badaniach zwi\u0119ksza\u0142o szans\u0119 na wytrwanie w trze\u017awo\u015bci, a tak\u017ce porady w jaki spos\u00f3b przyspieszy\u0107 regeneracj\u0119 organizmu.<\/p>\n\n\n\n<p><a href=\"http:\/\/zpz.naturalneleczenie.com.pl\/\">http:\/\/zpz.naturalneleczenie.com.pl<\/a><\/p>\n\n\n\n<p>Zesp\u00f3\u0142 przewlek\u0142ego zm\u0119czenia. przegl\u0105d najciekawszych hipotez genezy tej choroby, objawy pozwalaj\u0105ce poprawnie go zidentyfikowa\u0107, sposoby radzenia sobie z problemem.<\/p>\n\n\n\n<p><a href=\"http:\/\/bezsennosc.naturalneleczenie.com.pl\/\">http:\/\/bezsennosc.naturalneleczenie.com.pl<\/a><\/p>\n\n\n\n<p>Przez lata mia\u0142em problem z zasypianiem. Ju\u017c nie mam. Wbrew pozorom, \u015brodki najcz\u0119\u015bciej polecane w internecie w og\u00f3le nie maj\u0105 potwierdzonego badaniami dzia\u0142ania, za to niezwykle skuteczne s\u0105 te, o kt\u00f3rych zapewne nigdy nie s\u0142yszeli\u015bcie.<\/p>\n\n\n\n<p><a href=\"http:\/\/depresja.naturalneleczenie.com.pl\/\">http:\/\/depresja.naturalneleczenie.com.pl\/<\/a><\/p>\n\n\n\n<p>Ma\u0142o znanym faktem jest to, \u017ce depresja jest chorob\u0105 przede wszystkim cia\u0142a, a nie umys\u0142u. Chorzy maj\u0105 zupe\u0142nie inne wyniki bada\u0144 krwi \u2013 silne niedobory niekt\u00f3rych substancji, nadmiar innych. Ich korekta pozwala bardzo szybko poprawi\u0107 samopoczucie.<\/p>\n\n\n\n<p><a href=\"http:\/\/osteoporoza.naturalneleczenie.com.pl\/\">http:\/\/osteoporoza.naturalneleczenie.com.pl\/<\/a><\/p>\n\n\n\n<p>Na forum mo\u017cna przeczyta\u0107 relacje os\u00f3b, kt\u00f3re zastosowa\u0142y metody opisane na stronce. W skr\u00f3cie: efekt by\u0142 tak du\u017cy, \u017ce lekarze nie wierzyli w poprawno\u015b\u0107 pomiaru laboratoryjnego. S\u0105 te\u017c om\u00f3wione badania nad witamin\u0105 K2 MK7, wbrew temu, co r\u00f3\u017cni szarlatani ludziom wmawiaj\u0105, ona nie wp\u0142ywa znacz\u0105co na stan ko\u015bci.<\/p>\n\n\n\n<p><a href=\"http:\/\/www.miazdzyca.naturalneleczenie.com.pl\/\">http:\/\/miazdzyca.naturalneleczenie.com.pl\/<\/a><\/p>\n\n\n\n<p>Om\u00f3wienie najpopularniejszych alternatywnych terapii przeciw mia\u017cd\u017cycy. Wi\u0119kszo\u015b\u0107 to zwyk\u0142e oszustwa, niekt\u00f3re mog\u0105 mie\u0107 troch\u0119 sensu, ale nie s\u0105 do ko\u0144ca przebadane, a jedna z nich w badaniach mia\u0142a doskona\u0142e rezultaty.<\/p>\n\n\n\n<p><a href=\"http:\/\/www.odchudzanie.vegie.pl\/\">http:\/\/odchudzanie.vegie.pl\/<\/a><\/p>\n\n\n\n<p>Racjonalnie o odchudzaniu. Najtrudniejsze jest zrozumienie, \u017ce problem le\u017cy w psychice. Reszta jest banalna: powolna, ale bardzo \u0142atwa praca nad w\u0142asnym charakterem. Odchudzanie nie tylko nie musi by\u0107 m\u0119cz\u0105ce, ba, ono nie mo\u017ce takie by\u0107, ale te\u017c niestety nie mo\u017ce by\u0107 szybkie.<\/p>\n\n\n\n<p><a href=\"http:\/\/odpornosc.naturalneleczenie.com.pl\/\">http:\/\/odpornosc.naturalneleczenie.com.pl\/<\/a><\/p>\n\n\n\n<p>Wszystko, co chcieli\u015bcie wiedzie\u0107 o wzmacnianiu naturalnej odporno\u015bci, ale bali\u015bcie si\u0119 zapyta\u0107.<\/p>\n\n\n\n<p><a href=\"http:\/\/www.cukrzyca.naturalneleczenie.com.pl\/\">http:\/\/cukrzyca.naturalneleczenie.com.pl\/<\/a><\/p>\n\n\n\n<p>Cukrzyca jest chorob\u0105, kt\u00f3ra niemal zawsze wynika z trybu \u017cycia. Wbrew obiegowej opinii, nie jest jednak efektem jedzenia w\u0119glowodan\u00f3w. W jednym z bada\u0144, odpowiednia dieta w kt\u00f3rej niemal 80% kcal pochodzi\u0142o z w\u0119glowodan\u00f3w cofn\u0119\u0142a chorob\u0119 do tego stopnia, \u017ce pacjenci mogli odstawi\u0107 leki. Dla os\u00f3b, kt\u00f3re nie lubi\u0105 zmienia\u0107 przyzwyczaje\u0144 \u017cywieniowych, jest rozdzia\u0142 o suplementach kt\u00f3re pozwalaj\u0105 w wygodny spos\u00f3b kontrolowa\u0107 poziom cukru.<\/p>\n\n\n\n<p><a href=\"http:\/\/rzs.naturalneleczenie.com.pl\/\">http:\/\/rzs.naturalneleczenie.com.pl\/<\/a><\/p>\n\n\n\n<p>Swego czasu kole\u017canka poprosi\u0142a mnie o opracowanie terapii przeciw reumatoidalnemu zapaleniu staw\u00f3w. Pomimo ci\u0119\u017ckiego leczenia, jedynie z najwy\u017cszym trudem chodzi\u0142a. Przejrza\u0142em badania, jakie przeprowadzono nad tym schorzeniem, przedstawi\u0142em jej wyniki. Po kilku miesi\u0105cach mog\u0142a ju\u017c biega\u0107. Na forum jest opisanych wiele takich historii.<\/p>\n\n\n\n<p><a href=\"http:\/\/nowotwory.naturalneleczenie.com.pl\/\">http:\/\/nowotwory.naturalneleczenie.com.pl\/<\/a><\/p>\n\n\n\n<p>Nie, nie istnieje cudowny lek na raka. Znakomita wi\u0119kszo\u015b\u0107 metod, o kt\u00f3rych czytanie w internecie, to pr\u00f3by wy\u0142udzenia pieni\u0119dzy od zrozpaczonych pacjent\u00f3w. Nie znaczy to, \u017ce nie mo\u017cna walczy\u0107. Ca\u0142kiem sporo metod ma jakie\u015b dzia\u0142anie, mo\u017cna liczy\u0107 przynajmniej na przed\u0142u\u017cenie \u017cycia. Jest du\u017co terapii, kt\u00f3re we wst\u0119pnych badaniach pomaga\u0142y zwierz\u0119tom, ale nie przeprowadzono pr\u00f3b klinicznych na ludziach, wi\u0119c nie mog\u0105 by\u0107 stosowane przez lekarzy. Je\u015bli ju\u017c pr\u00f3bowa\u0107 sposob\u00f3w alternatywnych, to w\u0142a\u015bnie takich. Z regu\u0142y nie przeczytacie o nich w internecie, bo ani du\u017ce koncerny farmaceutyczne, ani szarlatani nie mog\u0105 za bardzo na nich zarabia\u0107.<\/p>\n\n\n\n<p><a href=\"http:\/\/migrena.naturalneleczenie.com.pl\/\">http:\/\/migrena.naturalneleczenie.com.pl\/<\/a><\/p>\n\n\n\n<p>Kilka terapii przeciw migrenie, wraz z linkami do bada\u0144, udowadniaj\u0105cych ich skuteczno\u015b\u0107.<\/p>\n\n\n\n<p><a href=\"http:\/\/tarczyca.naturalneleczenie.com.pl\/\">http:\/\/tarczyca.naturalneleczenie.com.pl\/<\/a><\/p>\n\n\n\n<p>Racjonalnie o problemach z tarczyc\u0105 i podej\u015bciu alternatywnym: kiedy powinno si\u0119 suplementowa\u0107 jod, a kiedy nie wolno, historia wyleczenia z choroby Hashimoto za pomoc\u0105 suplement\u00f3w oraz linki do bada\u0144, w kt\u00f3rych opisano skuteczno\u015b\u0107 zastosowanych preparat\u00f3w.<\/p>\n\n\n\n<p><a href=\"http:\/\/nadcisnienie.naturalneleczenie.com.pl\/\">http:\/\/nadcisnienie.naturalneleczenie.com.pl\/<\/a><\/p>\n\n\n\n<p>Nadci\u015bnienie ma wiele przyczyn. Oznacza to, \u017ce co pomo\u017ce jednej osobie, kompletnie nic nie da komu\u015b innemu. Opisa\u0142em kilka z najcz\u0119stszych.<\/p>\n\n\n\n<p><a href=\"https:\/\/wegetarianizm.vegie.pl\/\">https:\/\/wegetarianizm.vegie.pl\/<\/a><\/p>\n\n\n\n<p>Wszystkie mo\u017cliwe niedobory pokarmowe i problemy, kt\u00f3re mog\u0105 pojawi\u0107 si\u0119 na diecie wegetaria\u0144skiej.<\/p>\n\n\n\n<p><a href=\"http:\/\/wygryw.vegie.pl\/\">http:\/\/wygryw.vegie.pl\/<\/a><\/p>\n\n\n\n<p>Witryna stworzona dla os\u00f3b, kt\u00f3re same siebie nazywaj\u0105 \u201eprzegrywami\u201d, czyli ofiar alienacji spo\u0142ecznej, depresji i kilku psychologicznych mechanizm\u00f3w autodestrukcji.<\/p>\n","protected":false},"excerpt":{"rendered":"<p>Stworzy\u0142em wiele stron internetowych, po\u015bwi\u0119conych przer\u00f3\u017cnym zagadnieniom zdrowotnym. Zazwyczaj dotycz\u0105 one podej\u015bcia, kt\u00f3re mo\u017cna nazwa\u0107 medycyn\u0105 naturaln\u0105 czy alternatywn\u0105, ale zawsze stara\u0142em si\u0119 trzyma\u0107 stron\u0119 nauki i opiera\u0107 na solidnych badaniach. Poni\u017cej przedstawiam list\u0119: http:\/\/naturalneleczenie.com.pl\/ Blog, gdzie regularnie pojawiaj\u0105 si\u0119 artyku\u0142y na tematy oko\u0142omedyczne. http:\/\/borelioza.vegie.pl Zazwyczaj tworz\u0119 witryny po\u015bwi\u0119cone alternatywnemu podej\u015bciu do schorze\u0144, ta jednak &#8230; <a title=\"Witryny o zdrowiu\" class=\"read-more\" href=\"https:\/\/wegetarianizm.vegie.pl\/index.php\/witryny-o-zdrowiu.html\" aria-label=\"Dowiedz si\u0119 wi\u0119cej o Witryny o zdrowiu\">Dowiedz si\u0119 wi\u0119cej<\/a><\/p>\n","protected":false},"author":1,"featured_media":0,"parent":0,"menu_order":0,"comment_status":"closed","ping_status":"closed","template":"","meta":{"footnotes":""},"class_list":["post-46","page","type-page","status-publish"],"aioseo_notices":[],"_links":{"self":[{"href":"https:\/\/wegetarianizm.vegie.pl\/index.php\/wp-json\/wp\/v2\/pages\/46","targetHints":{"allow":["GET"]}}],"collection":[{"href":"https:\/\/wegetarianizm.vegie.pl\/index.php\/wp-json\/wp\/v2\/pages"}],"about":[{"href":"https:\/\/wegetarianizm.vegie.pl\/index.php\/wp-json\/wp\/v2\/types\/page"}],"author":[{"embeddable":true,"href":"https:\/\/wegetarianizm.vegie.pl\/index.php\/wp-json\/wp\/v2\/users\/1"}],"replies":[{"embeddable":true,"href":"https:\/\/wegetarianizm.vegie.pl\/index.php\/wp-json\/wp\/v2\/comments?post=46"}],"version-history":[{"count":3,"href":"https:\/\/wegetarianizm.vegie.pl\/index.php\/wp-json\/wp\/v2\/pages\/46\/revisions"}],"predecessor-version":[{"id":150,"href":"https:\/\/wegetarianizm.vegie.pl\/index.php\/wp-json\/wp\/v2\/pages\/46\/revisions\/150"}],"wp:attachment":[{"href":"https:\/\/wegetarianizm.vegie.pl\/index.php\/wp-json\/wp\/v2\/media?parent=46"}],"curies":[{"name":"wp","href":"https:\/\/api.w.org\/{rel}","templated":true}]}}